47/1 - 1/(m/h) a composite number?
False
Let a(d) be the second derivative of -2*d**3/3 + d**2/2 + 4*d. Let s be a(1). Is 2018*(s - 7/(-2)) a prime number?
True
Let s(i) = 3*i**3 + i**2 + 3*i + 9. Suppose -19 = 3*b - 5*c, 3*b + 2*c = -2*c - 28. Let j be 4/7*(22 + b). Is s(j) prime?
False
Let x(f) = 13908*f**2 - 96*f - 325. Is x(-4) a composite number?
False
Let n(y) = 4*y**2 - 63*y + 48. Let r be n(15). Suppose -q + 153 = -2*b, -3*q + 4*b = -290 - 171. Is (q/r - 2)*3 prime?
True
Suppose -24*g + 48488 + 298003 = 3*g. Is g a prime number?
False
Let g be (-4)/6*(-9)/(-6) - -8. Suppose g*m = 30*m - 78683. Is m a composite number?
True
Let z = -1009 - -995. Let w(x) = -123*x + 143. Is w(z) a composite number?
True
Suppose 128*p - 904580 + 3015559 = 141*p. Is p prime?
False
Let l be (-12)/54 - 296/(-36). Suppose -2*c - l = -0. Is ((-2)/c)/((-4)/(-2648)) a composite number?
False
Let r = -343 + 339. Is 25516*(r - -3)/(-4) composite?
False
Suppose -134*o + 20*o = 65*o - 12657985. Is o composite?
True
Suppose 0 = -2*u - 2*u + 2*c - 98, -2*u - 2*c = 52. Let f = u - -30. Suppose d = 2*n - 335, f*n - 496 = 2*n - 5*d. Is n prime?
True
Let q = 82446 + 202612. Is q a prime number?
False
Let f = 167 + -171. Is (f/(-16))/(2/50264) a prime number?
False
Let r = 185125 - 42258. Is r composite?
False
Let x = -17468 + 25356. Suppose -4*u = 3*i - 5911, 4*i - 4*u - x = -6*u. Is i prime?
True
Let l(y) = -11*y**3 - 10*y**2 + 112*y - 506. Is l(-20) a prime number?
False
Let c = 105239 + -67521. Is c prime?
False
Let z be -5 + -1 + 5 + 1. Suppose 0*q + 5480 = 5*q - 5*t, q + 4*t - 1101 = z. Is q composite?
False
Suppose 0 = 3*i - 22*w + 27*w - 179973, 0 = -i - 2*w + 59989. Is i composite?
True
Let k = 328 - 336. Let c(f) = 201*f**2 + 2*f + 45. Is c(k) prime?
True
Suppose -11*i = -13*i + 4818. Let p = i - 1566. Is p prime?
False
Let l = -8432 - -13271. Is l composite?
True
Suppose 0*m + 2500 = 2*m. Let c(b) = -120*b + 77. Let r be c(7). Let k = m + r. Is k composite?
False
Let g = -270190 + 450233. Is g composite?
False
Suppose -274*m - 143*m = -5098659. Is m a prime number?
True
Let v = -14 - -36. Let r be (1 + -29)*(v - 10). Let s = -79 - r. Is s a composite number?
False
Let j = 707 - 231. Suppose -3*c + 4*x = 5*x - j, c + 2*x = 152. Suppose -c = -3*z + 329. Is z a composite number?
False
Let m(c) = -17 - 146*c - 5*c - 83*c - 42*c. Is m(-6) prime?
False
Let b(v) = -178*v**2 - 13*v + 30. Let t(d) = 178*d**2 + 12*d - 31. Let r(c) = 4*b(c) + 5*t(c). Is r(-8) composite?
True
Suppose -2*t = -3*f - 74840, -187109 = -18*t + 13*t + 3*f. Is t composite?
False
Suppose -5*c - 8*k + 7*k + 24 = 0, -4*k + 16 = 0. Suppose 14*y - 91810 = c*y. Is y composite?
False
Suppose -395504 + 98130 = -4*u + 5*q, 4*u - 297382 = q. Suppose 13*g - 19*g + u = 0. Is g a composite number?
False
Suppose 15*i = -3*a + 14*i + 27, -4*i + 9 = a. Suppose a*y + 10225 - 105526 = 0. Is y prime?
True
Suppose 38*m = 1733467 + 827961. Is m prime?
False
Let g(k) = 2*k**3 - 10*k**2 - 2*k + 12. Let a be g(5). Suppose 4*f + 0*f + n - 24461 = 0, 0 = a*f + 2*n - 12232. Is f a prime number?
False
Let s be -1 - -6 - (2 + 0). Suppose -3*r + 7500 = 2*r. Suppose -66 = s*k - r. Is k a composite number?
True
Is ((-925043070)/392)/(6*(-2)/16) composite?
True
Let i(y) = -115*y - 21 - 13*y**3 + 59*y + 49*y - 6*y**2. Is i(-7) prime?
False
Let v(k) = -21*k + 9. Let u be v(-3). Let w(l) = -3*l + 0*l**2 + 320*l**3 + 3 - 2*l**2 - u*l**3. Is w(2) a composite number?
False
Let h(m) = -7*m + 40. Let n be h(7). Let z(k) = k**3 + 7*k**2 - 18*k - 9. Let a be z(n). Is -7*(-8)/252 - 6253/a composite?
True
Suppose -3*m = -4*z - z + 37, -27 = 3*m - 3*z. Let v(o) = 707*o**2 + 4*o - 5 - 1410*o**2 - 18*o**3 + 702*o**2. Is v(m) a composite number?
True
Let g = 177 + -173. Let s(x) = -1572*x - 3. Let d be s(-2). Suppose -4*t + d = v, -5*t + 3144 = -t + g*v. Is t a composite number?
True
Let d = 129481 + -60702. Is d prime?
False
Let y = 1 - 22. Let m = y + 28. Suppose -m*p = -5946 + 1865. Is p a prime number?
False
Let y = 409 + -399. Let s = 499 + 384. Is s + 2 - (-8 + -4 + y) a composite number?
False
Suppose -i + 0*i = 77. Let t(v) = v**3 + 13*v**2 - 15*v - 219. Let k be t(-11). Let w = i + k. Is w composite?
True
Let n be (-1)/((-4)/(-16)) - 1. Let h be (-2012)/n + (-4)/10. Suppose -l = 5*l - h. Is l a composite number?
False
Suppose 54*d + 16*d - 685*d + 330021915 = 0. Is d a prime number?
True
Suppose -4*f - f = g - 24, 80 = 5*g + 5*f. Suppose g*d - 128144 = -2*d. Is d prime?
True
Let n(r) be the second derivative of r**5/20 - 7*r**4/12 + 4*r**3/3 + 17*r**2/2 + r. Let z = 8663 - 8653. Is n(z) prime?
True
Let w be (-8)/(-2) - (-1814 + (-16)/8). Let t = w + -483. Is t prime?
False
Let h = -92884 - -301413. Is h composite?
False
Let z(k) = -3*k**3 - 6*k**2 + 32*k + 327. Let a(h) = h**3 + 2*h**2 - 11*h - 110. Let x(o) = 8*a(o) + 3*z(o). Is x(-18) prime?
False
Let z(f) = 9437*f + 29. Let q be z(2). Let v = q - 6164. Is v a composite number?
False
Suppose 0 = 1133*a - 887*a - 54283098. Is a prime?
True
Suppose 0 = 2*h - 5*d - 38447 - 31814, 0 = -5*h + 5*d + 175675. Is h a composite number?
True
Let z = -178 + 182. Suppose -5*b = z*f - 19253 + 3244, -b = -2*f - 3213. Is b a composite number?
True
Let n(o) = -109870*o - 193. Is n(-3) a composite number?
True
Suppose -903 + 45 = -13*x. Let d be 50/(-4) - 2/4. Let y = x + d. Is y a composite number?
False
Is (-30)/(-12) - (975481/(-26) + -8) a prime number?
True
Let v = 592023 + -381042. Is v prime?
False
Suppose -4*x + 0*t + 2*t = 136, -196 = 5*x + 4*t. Let k be (-26406)/x*40/6. Suppose 0*p = -6*p + k. Is p prime?
False
Let c be 6/(-21) - -24*13/14. Suppose 5*x + c = -8. Let q(w) = -2*w**3 + 3*w**2 - w - 9. Is q(x) a prime number?
False
Is ((175/(-15))/(-7))/(50/60) + 1008495 prime?
False
Let d(r) = 20*r**3 - 86*r**2 - 69*r + 278. Is d(37) composite?
False
Let i be (85/(-51))/((-10)/12 - 0). Suppose s + 9 = i*s. Suppose s*n - 1986 = 3*n. Is n prime?
True
Let t(o) = 0*o - 6 + 4 + 961*o**2 + 3*o. Let l be t(1). Suppose -711 - l = -7*n. Is n a prime number?
True
Suppose 2*r - 26961 = -4*t - 4903, -r = -3. Is t a prime number?
False
Let k(u) = -u**3 + 54*u**2 - 58*u + 259. Let j be k(53). Is 807696/42 - j/168*4 a composite number?
False
Let f(m) = m**3 + 13*m**2 + 5*m + 27. Let d be f(-13). Let g = d + 42. Suppose 3*q + w = q + 2759, 2*q + g*w = 2762. Is q a prime number?
False
Suppose x - 2*s = 10, 5*x + s = -s + 14. Suppose -2*j - 4180 = -3*u, -x = -3*j + 2*j. Suppose a = u + 849. Is a prime?
False
Suppose 4*r - 12 = 4*q + 20, -r = -5*q - 24. Suppose 0*p = p - 5. Suppose r*c - 328 = 4*k, -k + p*k - 57 = -c. Is c a prime number?
False
Let t be 6/((-18)/(-4)*1 - 3). Suppose 21581 = t*j - 36431. Is j composite?
False
Suppose 3*b + 5*z - 2 = -0, 2*z = -4*b - 2. Let i be 81*5 - -4 - b. Let p = 667 - i. Is p a prime number?
True
Suppose 3*q - 1093 = 4*q. Let g = q + 1858. Suppose -3*o - 835 = 4*j - 2430, -2*j + g = -5*o. Is j prime?
False
Let a(t) be the second derivative of -44*t**5/5 + t**4/4 + 13*t**3/6 - t**2/2 - 117*t. Is a(-3) a prime number?
False
Let b = -32 - -55. Let c = b + -19. Suppose -2*i - 3*i + 789 = c*a, -3*i + 594 = 3*a. Is a a prime number?
False
Suppose 5 = -2*f + 2*w - 5, -3 = -5*f - 2*w. Let z(r) = -53*r + 1. Let n be z(f). Let u = 57 + n. Is u a composite number?
True
Suppose 0*x - 84 = 2*x. Let k = 38 + x. Is (-10)/(-1)*(-22)/k a composite number?
True
Let c(i) = -410*i**2 + 21*i + 29. Let p be c(-7). Let a = 63587 + p. Is a a prime number?
False
Let k = 2200565 - 890026. Is k a composite number?
True
Let x(i) = 2180*i**2 + 29*i - 1200. Is x(13) a composite number?
False
Let y be 2/17 + (-2114)/(-238). Suppose o + 3*b - 14618 = 0, 5*b = -2*o + y*b + 29246. Is o prime?
True
Let o = -382849 - -691970. Is o prime?
True
Suppose 3*a + 13 = 13. Suppose 0 = -3*q - 2*u + 209, a = -3*u - 9 - 6. Suppose 816 = 7*k - q. Is k prime?
True
Let p(d) = 4*d**2 + 66*d - 17. Let l be p(-17). Suppose 57197 = l*u - 32988. Is u a prime number?
False
Let a(m) = -m**3 - 4*m**2 + 21*m + 6. Let i be a(-7). Is (-4)/(-6)*(-2 - (-84729)/i) composite?
False
Let n be (10/(-25))/(2/(-20)). Let k(x) = 38*x - 19. Let o be k(n). Suppose l - 7*z - 139 = -11*z, -z = l - o. Is l prime?
True
Let d(t) = 3594*t**2. Let f 